{"id":2097,"date":"2022-08-21T22:57:52","date_gmt":"2022-08-21T22:57:52","guid":{"rendered":"http:\/\/alojamientosvalledelaluna.com\/?page_id=2097"},"modified":"2024-11-08T10:02:16","modified_gmt":"2024-11-08T13:02:16","slug":"sobre-rocha","status":"publish","type":"page","link":"https:\/\/alojamientosvalledelaluna.com\/index.php\/sobre-rocha\/","title":{"rendered":"Sobre Rocha"},"content":{"rendered":"\n<div class=\"wp-block-uagb-advanced-heading uagb-block-360e4baf\"><h2 class=\"uagb-heading-text\">Sobre Rocha<\/h2><\/div>\n\n\n\n<div class=\"wp-block-uagb-container uagb-block-24e5fc42 alignfull uagb-is-root-container\"><div class=\"uagb-container-inner-blocks-wrap\">\n<div class=\"wp-block-uagb-container uagb-block-7c5ffff1\">\n<div class=\"wp-block-uagb-image uagb-block-e40c2f93 wp-block-uagb-image--layout-default wp-block-uagb-image--effect-zoomin wp-block-uagb-image--align-none\"><figure class=\"wp-block-uagb-image__figure\"><img decoding=\"async\" srcset=\"https:\/\/alojamientosvalledelaluna.com\/wp-content\/uploads\/2022\/08\/Inicio-ROCHA.png ,https:\/\/alojamientosvalledelaluna.com\/wp-content\/uploads\/2022\/08\/Inicio-ROCHA.png 780w, https:\/\/alojamientosvalledelaluna.com\/wp-content\/uploads\/2022\/08\/Inicio-ROCHA.png 360w\" sizes=\"(max-width: 480px) 150px\" src=\"https:\/\/alojamientosvalledelaluna.com\/wp-content\/uploads\/2022\/08\/Inicio-ROCHA.png\" alt=\"\" class=\"uag-image-2090\" width=\"1000\" height=\"1000\" title=\"Inicio-ROCHA\" loading=\"lazy\" role=\"img\"\/><\/figure><\/div>\n<\/div>\n\n\n\n<div class=\"wp-block-uagb-container uagb-block-1767c9f7\">\n<div class=\"wp-block-uagb-advanced-heading uagb-block-56109b59\"><p class=\"uagb-heading-text\">Situada en el extremo sureste de Uruguay. Limita al oeste con los departamentos de Maldonado y Lavalleja, al norte, con el de Treinta y Tres \u2013 del que lo separa el r\u00edo Cebollat\u00ed -, al este, con el estado brasile\u00f1o de R\u00edo Grande del Sur \u2013 con el que comparte el espejo de agua de la laguna Mer\u00edn, y al sur y sureste, su marco es el oc\u00e9ano Atl\u00e1ntico, sobre el que tiene 180 kil\u00f3metros de amplias y privilegiadas playas&nbsp;solo interrumpidas por algunas puntas rocosas.<br>En Rocha encontrar\u00e1s algunos de los entornos naturales m\u00e1s distintivos y diversos de Uruguay, con una flora y fauna \u00fanicas y paisajes espectaculares, incluyendo&nbsp;Parques Nacionales&nbsp;y&nbsp;\u00c1reas protegidas&nbsp;como&nbsp;Parque Nacional Cabo Polonio,&nbsp;Paisaje Protegido Laguna de Rocha,&nbsp;\u00c1rea protegida costero mar\u00edtima Cerro Verde e Islas de La Coronilla&nbsp;y&nbsp;Parque Nacional San Miguel. Cada una de ellas te invita al contacto directo con la naturaleza, vegetaci\u00f3n y animales nativos, a explorar y descubrir amplios espacios abiertos, montes, grandes espejos de agua, sierras y cerros con vistas panor\u00e1micas que te maravillar\u00e1n. Tambi\u00e9n&nbsp;inmensas dunas de arena y&nbsp;arroyos que conectan lagunas con el oc\u00e9ano.<\/p><\/div>\n<\/div>\n<\/div><\/div>\n\n\n\n<div class=\"wp-block-uagb-advanced-heading uagb-block-45f9e02f\"><h2 class=\"uagb-heading-text\">Playa y Naturaleza<\/h2><\/div>\n\n\n\n<div class=\"wp-block-uagb-container uagb-block-d008b608 alignfull uagb-is-root-container\"><div class=\"uagb-container-inner-blocks-wrap\">\n<div class=\"wp-block-uagb-container uagb-block-8643da62\">\n<div class=\"wp-block-uagb-image uagb-block-d8473d77 wp-block-uagb-image--layout-default wp-block-uagb-image--effect-zoomin wp-block-uagb-image--align-none\"><figure class=\"wp-block-uagb-image__figure\"><img decoding=\"async\" srcset=\"https:\/\/alojamientosvalledelaluna.com\/wp-content\/uploads\/2022\/08\/Inicio-PLAYAS.png ,https:\/\/alojamientosvalledelaluna.com\/wp-content\/uploads\/2022\/08\/Inicio-PLAYAS.png 780w, https:\/\/alojamientosvalledelaluna.com\/wp-content\/uploads\/2022\/08\/Inicio-PLAYAS.png 360w\" sizes=\"(max-width: 480px) 150px\" src=\"https:\/\/alojamientosvalledelaluna.com\/wp-content\/uploads\/2022\/08\/Inicio-PLAYAS.png\" alt=\"\" class=\"uag-image-2092\" width=\"1000\" height=\"1000\" title=\"Inicio-PLAYAS\" loading=\"lazy\" role=\"img\"\/><\/figure><\/div>\n<\/div>\n\n\n\n<div class=\"wp-block-uagb-container uagb-block-f203b370\">\n<div class=\"wp-block-uagb-advanced-heading uagb-block-bc5e7757\"><p class=\"uagb-heading-text\">Sus playas son muy elegidas por familias y tambi\u00e9n por amantes de los deportes acu\u00e1ticos como los que hacen kayak, surf y kitesurf. Tambi\u00e9n de inter\u00e9s para el sandboard utilizando sus grandes dunas y m\u00e9danos.<br>A lo largo de la costa de Rocha encontrar\u00e1 hermosas playas, en su mayor\u00eda salvajes. \u00c9stas incluyen Playa Grande, Playa Cerro Verde, Playa La Balconada, Playa Viuda y Playa La Calavera. Muchos de ellos se encuentran alejados del pueblo y garantizan la paz y el contacto solitario con la naturaleza y hermosas vistas.<br>La mayor parte del departamento integra la Reserva de Biosfera de Ba\u00f1ados del Este, que fue reconocida por la UNESCO por su destacada biodiversidad y especies de aves, reptiles, anfibios y mam\u00edferos.<br>Cuenta con lugares de fuerte importancia simb\u00f3lica para el pa\u00eds como la Fortaleza Santa Teresa, declarada Monumento Hist\u00f3rico Nacional. Los balnearios Cabo Polonio, La Paloma, La Coronilla, Punta del Diablo y el Chuy son muy visitados en verano y forman parte de la gran atracci\u00f3n tur\u00edstica que tiene el pa\u00eds.<\/p><\/div>\n<\/div>\n<\/div><\/div>\n\n\n\n<div class=\"wp-block-uagb-advanced-heading uagb-block-60447e49\"><h2 class=\"uagb-heading-text\">Valle de la Luna<\/h2><\/div>\n\n\n\n<div class=\"wp-block-uagb-container uagb-block-389de7e0 alignfull uagb-is-root-container\"><div class=\"uagb-container-inner-blocks-wrap\">\n<div class=\"wp-block-uagb-container uagb-block-01ee57b9\">\n<div class=\"wp-block-uagb-image uagb-block-220c32ad wp-block-uagb-image--layout-default wp-block-uagb-image--effect-zoomin wp-block-uagb-image--align-none\"><figure class=\"wp-block-uagb-image__figure\"><img decoding=\"async\" srcset=\"https:\/\/alojamientosvalledelaluna.com\/wp-content\/uploads\/2022\/08\/Inicio-VALLE.png ,https:\/\/alojamientosvalledelaluna.com\/wp-content\/uploads\/2022\/08\/Inicio-VALLE.png 780w, https:\/\/alojamientosvalledelaluna.com\/wp-content\/uploads\/2022\/08\/Inicio-VALLE.png 360w\" sizes=\"(max-width: 480px) 150px\" src=\"https:\/\/alojamientosvalledelaluna.com\/wp-content\/uploads\/2022\/08\/Inicio-VALLE.png\" alt=\"\" class=\"uag-image-2091\" width=\"1000\" height=\"1000\" title=\"Inicio-VALLE\" loading=\"lazy\" role=\"img\"\/><\/figure><\/div>\n<\/div>\n\n\n\n<div class=\"wp-block-uagb-container uagb-block-bdcbf9bd\">\n<div class=\"wp-block-uagb-advanced-heading uagb-block-01e83e6c\"><p class=\"uagb-heading-text\">Las&nbsp;C\u00e1rcavas del Valle de la Luna son un paisaje&nbsp;muy particular, realmente majestuoso,&nbsp;esculpido por la erosi\u00f3n. All\u00ed habita una gran variedad de especies&nbsp;animales y vegetales; la vegetaci\u00f3n es principalmente ex\u00f3tica, aunque tambi\u00e9n hay especies nativas.<br>Las c\u00e1rcavas son&nbsp;erosiones naturales&nbsp;que se dan por un proceso como es el que se produce luego del congelamiento de los polos, cuando ocurre el deshielo, lo que provoca algo similar a un tsunami que rasga las zonas m\u00e1s sensibles de la tierra.&nbsp;<br>Estas c\u00e1rcavas est\u00e1n consideradas entre las m\u00e1s antiguas del mundo. En pocos lugares del planeta pueden encontrarse expresiones naturales como esta al alcance del turista, ya que en su mayor\u00eda aparecen sumergidas bajo las aguas oce\u00e1nicas. Esta zona les ha regalado a los investigadores restos f\u00f3siles y objetos de culturas ind\u00edgenas. Quienes visitan el lugar quedan impactados por el ex\u00f3tico paisaje que las antiguas eras geol\u00f3gicas forjaron en esta parte del continente.<br>El visitante, adem\u00e1s de disfrutar de la belleza del entorno, se lleva una visi\u00f3n general del&nbsp;patrimonio cultural,&nbsp;hist\u00f3rico ind\u00edgena,&nbsp;natural&nbsp;y&nbsp;geol\u00f3gico&nbsp;de esta zona y del departamento de&nbsp;Rocha en general. Si se observa detenidamente es posible encontrar&nbsp;huellas de diferentes animales, como por ejemplo de&nbsp;comadrejas, liebres, zorros, mano peladas, zorrillos y&nbsp;guazubir\u00e1 entre otros.<\/p><\/div>\n<\/div>\n<\/div><\/div>\n\n\n\n<p><\/p>\n\n\n\n<div class=\"wp-block-uagb-container uagb-block-0b450c2d alignfull uagb-is-root-container\"><div class=\"uagb-container-inner-blocks-wrap\">\n<div class=\"wp-block-uagb-container uagb-block-d81fb056 alignfull uagb-is-root-container\">\t\t\t<div \n\t\t\tclass=\"wp-block-uagb-google-map uagb-google-map__wrap uagb-block-1011c495     \"\n\t\t\tstyle=\"\" >\n\t\t\t\t<embed\n\t\t\t\t\tclass=\"uagb-google-map__iframe\"\n\t\t\t\t\ttitle=\"Mapa de Google de\"\n\t\t\t\t\tsrc=\"https:\/\/maps.google.com\/maps?q=Valle%20de%20la%20luna&#038;z=12&#038;hl=es&#038;t=m&#038;output=embed&#038;iwloc=near\"\n\t\t\t\t\twidth=\"640\"\n\t\t\t\t\theight=\"350\"\n\t\t\t\t\tloading=\"lazy\"\n\t\t\t\t><\/embed>\n\t\t\t<\/div>\n\t\t\t<\/div>\n<\/div><\/div>\n","protected":false},"excerpt":{"rendered":"<p>Sobre Rocha Situada en el extremo sureste de Uruguay. Limita al oeste con los departamentos de Maldonado y Lavalleja, al [&hellip;]<\/p>\n","protected":false},"author":4,"featured_media":0,"parent":0,"menu_order":0,"comment_status":"closed","ping_status":"closed","template":"","meta":{"_uag_custom_page_level_css":"","site-sidebar-layout":"default","site-content-layout":"","ast-site-content-layout":"","site-content-style":"default","site-sidebar-style":"default","ast-global-header-display":"","ast-banner-title-visibility":"","ast-main-header-display":"","ast-hfb-above-header-display":"","ast-hfb-below-header-display":"","ast-hfb-mobile-header-display":"","site-post-title":"disabled","ast-breadcrumbs-content":"","ast-featured-img":"","footer-sml-layout":"","theme-transparent-header-meta":"","adv-header-id-meta":"","stick-header-meta":"","header-above-stick-meta":"","header-main-stick-meta":"","header-below-stick-meta":"","astra-migrate-meta-layouts":"default","ast-page-background-enabled":"default","ast-page-background-meta":{"desktop":{"background-color":"var(--ast-global-color-4)","background-image":"","background-repeat":"repeat","background-position":"center center","background-size":"auto","background-attachment":"scroll","background-type":"","background-media":"","overlay-type":"","overlay-color":"","overlay-opacity":"","overlay-gradient":""},"tablet":{"background-color":"","background-image":"","background-repeat":"repeat","background-position":"center center","background-size":"auto","background-attachment":"scroll","background-type":"","background-media":"","overlay-type":"","overlay-color":"","overlay-opacity":"","overlay-gradient":""},"mobile":{"background-color":"","background-image":"","background-repeat":"repeat","background-position":"center center","background-size":"auto","background-attachment":"scroll","background-type":"","background-media":"","overlay-type":"","overlay-color":"","overlay-opacity":"","overlay-gradient":""}},"ast-content-background-meta":{"desktop":{"background-color":"var(--ast-global-color-5)","background-image":"","background-repeat":"repeat","background-position":"center center","background-size":"auto","background-attachment":"scroll","background-type":"","background-media":"","overlay-type":"","overlay-color":"","overlay-opacity":"","overlay-gradient":""},"tablet":{"background-color":"var(--ast-global-color-5)","background-image":"","background-repeat":"repeat","background-position":"center center","background-size":"auto","background-attachment":"scroll","background-type":"","background-media":"","overlay-type":"","overlay-color":"","overlay-opacity":"","overlay-gradient":""},"mobile":{"background-color":"var(--ast-global-color-5)","background-image":"","background-repeat":"repeat","background-position":"center center","background-size":"auto","background-attachment":"scroll","background-type":"","background-media":"","overlay-type":"","overlay-color":"","overlay-opacity":"","overlay-gradient":""}},"footnotes":""},"class_list":["post-2097","page","type-page","status-publish","hentry"],"uagb_featured_image_src":{"full":false,"thumbnail":false,"medium":false,"medium_large":false,"large":false,"1536x1536":false,"2048x2048":false},"uagb_author_info":{"display_name":"Andres Reboredo","author_link":"https:\/\/alojamientosvalledelaluna.com\/index.php\/author\/andres\/"},"uagb_comment_info":0,"uagb_excerpt":"Sobre Rocha Situada en el extremo sureste de Uruguay. Limita al oeste con los departamentos de Maldonado y Lavalleja, al [&hellip;]","_links":{"self":[{"href":"https:\/\/alojamientosvalledelaluna.com\/index.php\/wp-json\/wp\/v2\/pages\/2097"}],"collection":[{"href":"https:\/\/alojamientosvalledelaluna.com\/index.php\/wp-json\/wp\/v2\/pages"}],"about":[{"href":"https:\/\/alojamientosvalledelaluna.com\/index.php\/wp-json\/wp\/v2\/types\/page"}],"author":[{"embeddable":true,"href":"https:\/\/alojamientosvalledelaluna.com\/index.php\/wp-json\/wp\/v2\/users\/4"}],"replies":[{"embeddable":true,"href":"https:\/\/alojamientosvalledelaluna.com\/index.php\/wp-json\/wp\/v2\/comments?post=2097"}],"version-history":[{"count":58,"href":"https:\/\/alojamientosvalledelaluna.com\/index.php\/wp-json\/wp\/v2\/pages\/2097\/revisions"}],"predecessor-version":[{"id":3222,"href":"https:\/\/alojamientosvalledelaluna.com\/index.php\/wp-json\/wp\/v2\/pages\/2097\/revisions\/3222"}],"wp:attachment":[{"href":"https:\/\/alojamientosvalledelaluna.com\/index.php\/wp-json\/wp\/v2\/media?parent=2097"}],"curies":[{"name":"wp","href":"https:\/\/api.w.org\/{rel}","templated":true}]}}